6848 is divided by 381.
341
Calculate the remainder when 5266 is divided by 1317.
1315
Calculate the remainder when 783107 is divided by 55929.
101
Calculate the remainder when 308973 is divided by 30848.
493
Calculate the remainder when 14044625 is divided by 52.
49
What is the remainder when 4382445 is divided by 783?
777
Calculate the remainder when 63468 is divided by 2209.
1616
Calculate the remainder when 3698047 is divided by 2348.
2295
What is the remainder when 610435 is divided by 2298?
1465
Calculate the remainder when 356078 is divided by 3043.
47
Calculate the remainder when 29393482 is divided by 1436.
1434
What is the remainder when 104491 is divided by 3473?
301
Calculate the remainder when 26446187 is divided by 3569.
3466
What is the remainder when 77124 is divided by 1306?
70
What is the remainder when 175395 is divided by 1014?
987
Calculate the remainder when 30049301 is divided by 1951.
1950
Calculate the remainder when 165563 is divided by 9197.
17
Calculate the remainder when 3086860 is divided by 12447.
4
Calculate the remainder when 12884 is divided by 11323.
1561
Calculate the remainder when 282864 is divided by 12857.
10
Calculate the remainder when 22909352 is divided by 230.
202
Calculate the remainder when 1108146 is divided by 905.
426
Calculate the remainder when 210161 is divided by 1142.
33
What is the remainder when 192541 is divided by 580?
561
What is the remainder when 287671 is divided by 8989?
23
What is the remainder when 844656 is divided by 422217?
222
What is the remainder when 726834 is divided by 135?
129
What is the remainder when 880775 is divided by 880706?
69
What is the remainder when 597144243 is divided by 68?
67
Calculate the remainder when 8547483 is divided by 2096.
2091
What is the remainder when 23495345 is divided by 81?
80
What is the remainder when 13230376 is divided by 186?
10
Calculate the remainder when 59442620 is divided by 162.
122
Calculate the remainder when 14787920 is divided by 449.
105
What is the remainder when 13971 is divided by 843?
483
Calculate the remainder when 4318977 is divided by 18071.
8
Calculate the remainder when 192552 is divided by 1920.
552
What is the remainder when 6483 is divided by 3204?
75
What is the remainder when 477846 is divided by 270?
216
Calculate the remainder when 862451 is divided by 861404.
1047
What is the remainder when 8330839 is divided by 1611?
358
What is the remainder when 623418389 is divided by 630?
629
Calculate the remainder when 40731599 is divided by 390.
389
Calculate the remainder when 116347 is divided by 3241.
2912
Calculate the remainder when 947099 is divided by 5118.
269
Calculate the remainder when 288324508 is divided by 55224.
4
Calculate the remainder when 65980 is divided by 21388.
1816
Calculate the remainder when 26178736 is divided by 1987.
11
Calculate the remainder when 72918545 is divided by 122.
121
What is the remainder when 348838637 is divided by 16?
13
What is the remainder when 5498127 is divided by 129?
18
Calculate the remainder when 388 is divided by 100.
88
What is the remainder when 15345173 is divided by 1718?
1715
What is the remainder when 2160300 is divided by 723?
699
What is the remainder when 228081 is divided by 37970?
261
What is the remainder when 87815 is divided by 1368?
263
Calculate the remainder when 1517903 is divided by 2150.
3
What is the remainder when 28179890 is divided by 98531?
24
What is the remainder when 3427397 is divided by 84?
29
What is the remainder when 70544 is divided by 3090?
2564
What is the remainder when 907339 is divided by 453195?
949
What is the remainder when 30090 is divided by 6754?
3074
What is the remainder when 1374979 is divided by 38?
25
Calculate the remainder when 1325009 is divided by 40.
9
What is the remainder when 26298 is divided by 6466?
434
Calculate the remainder when 42028989 is divided by 197.
24
Calculate the remainder when 150552 is divided by 25073.
114
Calculate the remainder when 94509023 is divided by 65.
63
Calculate the remainder when 183057 is divided by 1515.
1257
What is the remainder when 1254087 is divided by 47?
33
Calculate the remainder when 953178 is divided by 3724.
3558
Calculate the remainder when 2995416 is divided by 1712.
1128
What is the remainder when 2129349 is divided by 276?
9
Calculate the remainder when 21670449 is divided by 950.
949
What is the remainder when 3907432 is divided by 152?
120
What is the remainder when 105860918 is divided by 1648?
1638
What is the remainder when 4052214 is divided by 23?
5
Calculate the remainder when 377530 is divided by 2658.
94
What is the remainder when 594513 is divided by 453?
177
Calculate the remainder when 15637415 is divided by 10.
5
Calculate the remainder when 796332 is divided by 2664.
2460
What is the remainder when 22176 is divided by 2514?
2064
Calculate the remainder when 13827770 is divided by 6913883.
4
What is the remainder when 5514 is divided by 594?
168
Calculate the remainder when 1061143 is divided by 151542.
349
What is the remainder when 260271 is divided by 3610?
351
Calculate the remainder when 2788401 is divided by 459.
435
Calculate the remainder when 14245945 is divided by 417.
391
What is the remainder when 547128 is divided by 578?
340
What is the remainder when 4298503 is divided by 1932?
1735
What is the remainder when 4246267 is divided by 193010?
47
What is the remainder when 552219 is divided by 2320?
59
What is the remainder when 776432 is divided by 1827?
1784
What is the remainder when 22679959 is divided by 385?
379
Calculate the remainder when 4309 is divided by 215.
9
Calculate the remainder when 15562406 is divided by 1729154.
20
What is the remainder when 18134 is divided by 1391?
51
What is the remainder when 1466680 is divided by 488886?
22
Calculate the remainder when 397769 is divided by 461.
387
What is the remainder when 33892070 is divided by 10555?
10520
Calculate the remainder when 226464 is divided by 959.
140
Calculate the remainder when 377256 is divided by 13972.
12
Calculate the remainder when 1941037 is divided by 2068.
1253
Calculate the remainder when 643275 is divided by 630.
45
Calculate the remainder when 271205 is divided by 275.
55
What is the remainder when 157791884 is divided by 400487?
6
Calculate the remainder when 1195869704 is divided by 8579.
8578
What is the remainder when 72101 is divided by 23992?
125
What is the remainder when 514046 is divided by 39542?
0
Calculate the remainder when 15419 is divided by 15200.
219
What is the remainder when 98762 is divided by 625?
12
Calculate the remainder when 155295 is divided by 722.
65
Calculate the remainder when 340143 is divided by 1727.
1651
Calculate the remainder when 72117695 is divided by 48.
47
What is the remainder when 166573 is divided by 24?
13
Calculate the remainder when 21046502 is divided by 257.
1
Calculate the remainder when 5808560 is divided by 12.
8
Calculate the remainder when 345839 is divided by 15034.
57
Calculate the remainder when 9978495 is divided by 15281.
2
Calculate the remainder when 3860184 is divided by 23.
2
Calculate the remainder when 3573787 is divided by 1786654.
479
Calculate the remainder when 49674 is divided by 666.
390
Calculate the remainder when 1068868 is divided by 125.
118
What is the remainder when 138437 is divided by 138400?
37
What is the remainder when 1033178 is divided by 2770?
2738
What is the remainder when 168861 is divided by 5822?
23
What is the remainder when 991255 is divided by 788?
739
What is the remainder when 8773098 is divided by 12?
6
Calculate the remainder when 12791518 is divided by 45.
43
Calculate the remainder when 3656075 is divided by 877.
739
Calculate the remainder when 55186201 is divided by 145610.
11
Calculate the remainder when 112756 is divided by 280.
196
What is the remainder when 10968898 is divided by 21094?
18
Calculate the remainder when 1290514 is divided by 1292.
1098
What is the remainder when 10737 is divided by 371?
349
What is the remainder when 6789 is divided by 6639?
150
What is the remainder when 4278022 is divided by 15?
7
Calculate the remainder when 991719 is divided by 1069.
756
What is the remainder when 1829628 is divided by 609858?
54
What